{"id":2698,"date":"2025-12-11T11:48:22","date_gmt":"2025-12-11T10:48:22","guid":{"rendered":"https:\/\/shop.policevalais.ch\/?post_type=product&#038;p=2698"},"modified":"2025-12-17T22:27:21","modified_gmt":"2025-12-17T21:27:21","slug":"kalender-2026-der-kantonspolizei","status":"publish","type":"product","link":"https:\/\/shop.policevalais.ch\/de\/produkt\/kalender-2026-der-kantonspolizei\/","title":{"rendered":"Kalender 2026 der Kantonspolizei"},"content":{"rendered":"<p data-start=\"40\" data-end=\"137\"><strong data-start=\"40\" data-end=\"137\">Der Kalender 2026 zeichnet sich dieses Jahr durch seinen zutiefst menschlichen Charakter aus.<\/strong><\/p>\n<p data-start=\"139\" data-end=\"329\">F\u00fcr diese Ausgabe haben sich zw\u00f6lf Pers\u00f6nlichkeiten valaisanischer Herkunft, aus den Bereichen Sport, Kultur, Politik, Tourismus und Religion, mit Begeisterung auf das Projekt eingelassen.<\/p>\n<p data-start=\"331\" data-end=\"712\">Jeden Monat laden wir Sie ein, eine pr\u00e4gende Pers\u00f6nlichkeit unseres Kantons kennenzulernen, durch ein authentisches Portr\u00e4t, das ihr Engagement, ihren Werdegang und ihre tiefe Verbundenheit mit dem Wallis widerspiegelt. Ob Sportler, K\u00fcnstler, politische Entscheidungstr\u00e4ger oder spirituelle Vertreter: Sie alle teilen dieselbe Leidenschaft, unsere Region zum Strahlen zu bringen.<\/p>\n<p data-start=\"714\" data-end=\"953\">Diese Ausgabe hebt zudem die Wertsch\u00e4tzung und Unterst\u00fctzung hervor, die diese Pers\u00f6nlichkeiten der Kantonspolizei Wallis entgegenbringen, und anerkennt ihre zentrale Rolle f\u00fcr Sicherheit, Zusammenhalt und Lebensqualit\u00e4t in unserem Kanton.<\/p>\n<p data-start=\"955\" data-end=\"1092\">Diese einzigartigen Begegnungen bieten einen besonderen Einblick in jene Menschen, die auf ihre Weise zur Identit\u00e4t des Wallis beitragen.<\/p>\n<p data-start=\"1094\" data-end=\"1180\"><strong data-start=\"1094\" data-end=\"1180\">Ein origineller und inspirierender Kalender, erh\u00e4ltlich solange der Vorrat reicht.<\/strong><\/p>\n","protected":false},"excerpt":{"rendered":"<p>Der Kalender 2026 zeichnet sich dieses Jahr durch seinen zutiefst menschlichen Charakter aus. F\u00fcr diese Ausgabe haben sich zw\u00f6lf Pers\u00f6nlichkeiten valaisanischer Herkunft, aus den Bereichen Sport, Kultur, Politik, Tourismus und Religion, mit Begeisterung auf das Projekt eingelassen. Jeden Monat laden wir Sie ein, eine pr\u00e4gende Pers\u00f6nlichkeit unseres Kantons kennenzulernen, durch ein authentisches Portr\u00e4t, das ihr [&#8230;]\n","protected":false},"featured_media":2696,"template":"","meta":[],"product_brand":[],"product_cat":[17],"product_tag":[],"class_list":{"0":"post-2698","1":"product","2":"type-product","3":"status-publish","4":"has-post-thumbnail","6":"product_cat-marketing-artikel","8":"first","9":"outofstock","10":"sold-individually","11":"shipping-taxable","12":"purchasable","13":"product-type-simple"},"_links":{"self":[{"href":"https:\/\/shop.policevalais.ch\/de\/wp-json\/wp\/v2\/product\/2698","targetHints":{"allow":["GET"]}}],"collection":[{"href":"https:\/\/shop.policevalais.ch\/de\/wp-json\/wp\/v2\/product"}],"about":[{"href":"https:\/\/shop.policevalais.ch\/de\/wp-json\/wp\/v2\/types\/product"}],"wp:featuredmedia":[{"embeddable":true,"href":"https:\/\/shop.policevalais.ch\/de\/wp-json\/wp\/v2\/media\/2696"}],"wp:attachment":[{"href":"https:\/\/shop.policevalais.ch\/de\/wp-json\/wp\/v2\/media?parent=2698"}],"wp:term":[{"taxonomy":"product_brand","embeddable":true,"href":"https:\/\/shop.policevalais.ch\/de\/wp-json\/wp\/v2\/product_brand?post=2698"},{"taxonomy":"product_cat","embeddable":true,"href":"https:\/\/shop.policevalais.ch\/de\/wp-json\/wp\/v2\/product_cat?post=2698"},{"taxonomy":"product_tag","embeddable":true,"href":"https:\/\/shop.policevalais.ch\/de\/wp-json\/wp\/v2\/product_tag?post=2698"}],"curies":[{"name":"wp","href":"https:\/\/api.w.org\/{rel}","templated":true}]}}

<p data-start="40" data-end="137"><strong data-start="40" data-end="137">Der Kalender 2026 zeichnet sich dieses Jahr durch seinen zutiefst menschlichen Charakter aus.</strong></p>
<p data-start="139" data-end="329">Für diese Ausgabe haben sich zwölf Persönlichkeiten valaisanischer Herkunft, aus den Bereichen Sport, Kultur, Politik, Tourismus und Religion, mit Begeisterung auf das Projekt eingelassen.</p>
<p data-start="331" data-end="712">Jeden Monat laden wir Sie ein, eine prägende Persönlichkeit unseres Kantons kennenzulernen, durch ein authentisches Porträt, das ihr Engagement, ihren Werdegang und ihre tiefe Verbundenheit mit dem Wallis widerspiegelt. Ob Sportler, Künstler, politische Entscheidungsträger oder spirituelle Vertreter: Sie alle teilen dieselbe Leidenschaft, unsere Region zum Strahlen zu bringen.</p>
<p data-start="714" data-end="953">Diese Ausgabe hebt zudem die Wertschätzung und Unterstützung hervor, die diese Persönlichkeiten der Kantonspolizei Wallis entgegenbringen, und anerkennt ihre zentrale Rolle für Sicherheit, Zusammenhalt und Lebensqualität in unserem Kanton.</p>
<p data-start="955" data-end="1092">Diese einzigartigen Begegnungen bieten einen besonderen Einblick in jene Menschen, die auf ihre Weise zur Identität des Wallis beitragen.</p>
<p data-start="1094" data-end="1180"><strong data-start="1094" data-end="1180">Ein origineller und inspirierender Kalender, erhältlich solange der Vorrat reicht.</strong></p>

<p>Der Kalender 2026 zeichnet sich dieses Jahr durch seinen zutiefst menschlichen Charakter aus. Für diese Ausgabe haben sich zwölf Persönlichkeiten valaisanischer Herkunft, aus den Bereichen Sport, Kultur, Politik, Tourismus und Religion, mit Begeisterung auf das Projekt eingelassen. Jeden Monat laden wir Sie ein, eine prägende Persönlichkeit unseres Kantons kennenzulernen, durch ein authentisches Porträt, das ihr [&#8230;]
